ide 93624057?
False
Is 2 a factor of 10811072?
True
Is 134 a factor of 78072268?
False
Is 139965620 a multiple of 5?
True
Is 3492 a factor of 203679880?
False
Is 29571789 a multiple of 1241?
True
Is 1859 a factor of 84275451?
False
Is 7066926 a multiple of 74?
True
Is 759162144 a multiple of 668?
False
Does 208 divide 56096951?
False
Does 152 divide 1300293880?
True
Does 41 divide 28489488?
False
Is 168 a factor of 243291720?
True
Is 1463 a factor of 781679437?
True
Does 251 divide 4395001717?
True
Does 5 divide 219863175?
True
Does 1583 divide 388802213?
True
Is 56 a factor of 280338632?
True
Does 187 divide 141145730?
True
Does 243 divide 7634574?
True
Is 223294869 a multiple of 1563?
True
Is 249 a factor of 78812331?
False
Does 15 divide 86723370?
True
Does 16 divide 637866560?
True
Does 667 divide 55748527?
True
Is 31003536 a multiple of 657?
False
Does 5877 divide 3145868610?
False
Is 19369152 a multiple of 48?
True
Is 36 a factor of 50333899?
False
Is 22631235 a multiple of 363?
True
Is 549 a factor of 4875294?
False
Is 1457 a factor of 17987289?
False
Does 10 divide 27052660?
True
Does 169 divide 105466647?
True
Is 466 a factor of 426929514?
False
Does 5 divide 3311951?
False
Is 19 a factor of 41628696?
True
Is 240807128 a multiple of 5?
False
Does 192 divide 476850974?
False
Does 6 divide 49922330?
False
Does 95 divide 227397510?
True
Is 8149 a factor of 2392587145?
True
Does 373 divide 1018290?
True
Is 2006637727 a multiple of 643?
False
Is 325 a factor of 259229278?
False
Is 231 a factor of 31160881?
False
Does 69 divide 2137926084?
True
Is 32 a factor of 12412288?
True
Does 906 divide 66521238?
True
Does 1726 divide 38764234?
True
Does 13 divide 34414724?
False
Does 117 divide 137458503?
True
Does 533 divide 75343281?
True
Is 97 a factor of 30926607?
True
Is 2203 a factor of 563891469?
False
Does 11731 divide 1212829030?
False
Is 7 a factor of 154418231?
False
Is 4409462682 a multiple of 19?
False
Is 18 a factor of 407271?
False
Is 121561792 a multiple of 897?
False
Is 112 a factor of 3194843?
False
Is 642 a factor of 122032647?
False
Is 27 a factor of 185258988?
True
Is 40 a factor of 884953549?
False
Is 195583776 a multiple of 74?
True
Is 1827 a factor of 227373804?
True
Does 51 divide 168724464?
False
Is 182 a factor of 11227004?
False
Does 278 divide 277266914?
True
Is 24 a factor of 5232096?
True
Is 345 a factor of 64105122?
False
Is 4 a factor of 11238964?
True
Is 207514000 a multiple of 80?
True
Is 37567253 a multiple of 863?
True
Is 26 a factor of 4400189?
False
Is 6 a factor of 359686878?
True
Is 152 a factor of 11895677?
False
Is 49075278 a multiple of 123?
True
Does 768 divide 154335744?
True
Is 3 a factor of 276879972?
True
Does 113 divide 49666758?
False
Is 206968125 a multiple of 65?
True
Is 10 a factor of 60555180?
True
Is 242748768 a multiple of 3940?
False
Is 206 a factor of 37671852?
False
Is 36 a factor of 822210534?
False
Is 338 a factor of 319485016?
False
Does 207 divide 317848047?
False
Does 14 divide 87937962?
True
Does 8 divide 35733049?
False
Is 432 a factor of 1048782?
False
Is 12006325 a multiple of 6?
False
Does 17 divide 33924787?
False
Does 32 divide 328241696?
True
Is 787415163 a multiple of 51?
True
Is 32 a factor of 45295712?
True
Is 2267 a factor of 22475038?
True
Is 16 a factor of 198090010?
False
Is 1574 a factor of 25767480?
False
Is 425 a factor of 2047786390?
False
Does 2898 divide 2111642190?
True
Is 32 a factor of 190787552?
True
Does 66 divide 4190868?
True
Is 18 a factor of 2301828084?
True
Is 26 a factor of 885009502?
True
Does 7 divide 5284230?
True
Is 442 a factor of 961159940?
True
Is 346302607 a multiple of 8657?
False
Is 51 a factor of 37204653?
True
Is 301 a factor of 749492709?
True
Does 4 divide 134120426?
False
Is 367511778 a multiple of 9?
True
Is 5 a factor of 3658929181?
False
Does 678 divide 591288546?
True
Does 184 divide 39718139?
False
Does 1294 divide 76804076?
True
Is 458 a factor of 42116306?
True
Is 36284351 a multiple of 11?
False
Is 1435 a factor of 25806960?
False
Is 800 a factor of 874711200?
True
Is 668 a factor of 15606484?
True
Does 1314 divide 800012190?
False
Is 104 a factor of 482129336?
True
Is 221428052 a multiple of 76?
True
Is 32327111 a multiple of 1317?
False
Does 80 divide 274878126?
False
Is 7 a factor of 112583156?
True
Is 257 a factor of 77875369?
True
Is 268 a factor of 2867944?
False
Does 328 divide 56703000?
True
Is 3211020 a multiple of 12?
True
Does 42 divide 181530678?
True
Does 283 divide 488500167?
True
Does 443 divide 224445743?
False
Is 2372218 a multiple of 239?
False
Is 53 a factor of 147483725?
False
Is 1630999441 a multiple of 8380?
False
Does 29 divide 41145084?
True
Does 3 divide 216129581?
False
Does 1774 divide 104724542?
True
Does 165 divide 173071305?
True
Does 17 divide 147918173?
True
Does 41 divide 73787744?
False
Is 21033268 a multiple of 157?
False
Is 395958800 a multiple of 772?
True
Does 261 divide 537642880?
False
Does 33 divide 44254452?
True
Does 1445 divide 113214305?
True
Is 509 a factor of 86634345?
True
Is 2537 a factor of 903836694?
True
Does 430 divide 27925060?
True
Is 1861 a factor of 479115571?
False
Is 10 a factor of 1036728000?
True
Is 1112 a factor of 31111564?
False
Does 2483 divide 328625303?
False
Is 156907926 a multiple of 477?
False
Is 60548138 a multiple of 103?
True
Does 1519 divide 265180944?
True
Does 50 divide 1557284650?
True
Does 1793 divide 1087115019?
False
Is 342 a factor of 89145385?
False
Is 170 a factor of 577283790?
True
Is 2326755570 a multiple of 127?
True
Is 30172006 a multiple of 58?
True
Is 1066 a factor of 144364011?
False
Does 837 divide 2177037?
True
Is 4100 a factor of 1779557851?
False
Does 5 divide 1197794?
False
Is 36151855 a multiple of 2785?
False
Does 44 divide 771336662?
False
Is 1705231614 a multiple of 51?
True
Does 212 divide 215019077?
False
Does 2138 divide 1607245776?
True
Is 1077 a factor of 5333563?
False
Is 220 a factor of 28793919?
False
Does 42 divide 456098633?
False
Is 50 a factor of 1229519531?
False
Is 43 a factor of 2784255?
False
Is 3210095610 a multiple of 178?
True
Does 6576 divide 1424806223?
False
Is 589 a factor of 451849679?
False
Is 175 a factor of 165604844?
False
Does 83 divide 1957057?
True
Does 12 divide 1443420?
True
Does 90 divide 51571440?
True
Is 436 a factor of 101035588?
True
Is 272157126 a multiple of 633?
False
Does 3 divide 9063465?
True
Does 276 divide 1028723484?
True
Is 3 a factor of 9623556?
True
Is 40 a factor of 18986640?
True
Does 601 divide 284413634?
True
Is 81 a factor of 2979504?
True
Is 187 a factor of 1928975570?
False
Is 152 a factor of 53807088?
True
Does 5169 divide 1946200866?
True
Does 101 divide 894733986?
False
Does 157 divide 40549638?
False
Is 565469 a multiple of 790?
False
Is 43974524 a multiple of 173?
True
Is 10976560 a multiple of 17?
True
Is 396 a factor of 74229012?
True
Does 488 divide 67412320?
True
Does 135 divide 52283205?
True
Is 608904975 a multiple of 6046?
False
Is 2346 a factor of 2228750992?
False
Is 49629855 a multiple of 165?
True
Is 246 a factor of 761588694?
True
Is 524189556 a multiple of 6?
True
Does 1241 divide 908757341?
False
Is 208 a factor of 33380464?
True
Does 145 divide 68087360?
True
Does 5 divide 9959915?
True
Is 91667214 a multiple of 18?
True
Is 302 a factor of 536831576?
True
Does 335 divide 193907380?
True
Is 113100384 a multiple of 368?
True
Does 40 divide 80651720?
True
Does 7788 divide 877313913?
False
Does 76 divide 36276992?
False
Is 758 a factor of 247329303?
False
Is 356 a factor of 2390417?
False
Is 20 a factor of 24414618?
False
Does 171 divide 15617772?
True
Does 5 divide 25893475?
True
Is 37 a factor of 595114068?
True
Is 155 a factor of 23614811?
False
Is 107010699 a multiple of 10?
False
Is 29 a factor of 68656543?
True
Is 946 a factor of 1469527752?
True
Does 261 divide 14145944?
False
Is 21 a factor of 3255897117?
False
Is 29 a factor of 1187376?
True
Does 8 divide 256128880?
True
Is 63 a factor of 269072496?
True
Is 26 a factor of 265149992?
False
Is 79 a factor of 30523072?
True
Is 40 a factor of 3292141?
False
Is 21 a factor of 3669516?
False
Is 26890928 a multiple of 848?
True
Does 1860 divide 40388040?
True
Does 1776 divide 1029035712?
True
Does 3485 divi